{"id":950,"date":"2016-07-15T14:19:20","date_gmt":"2016-07-15T14:19:20","guid":{"rendered":"http:\/\/test.kriesi.at\/enfold-medical\/?page_id=950"},"modified":"2022-11-11T19:59:38","modified_gmt":"2022-11-11T22:59:38","slug":"thiagofurtado","status":"publish","type":"page","link":"https:\/\/thiagofurtado.com.br\/index.php\/thiagofurtado\/","title":{"rendered":"thiago furtado"},"content":{"rendered":"<div id='av-layout-grid-1'  class='av-layout-grid-container entry-content-wrapper main_color av-flex-cells     avia-builder-el-0  avia-builder-el-no-sibling  container_wrap sidebar_right' style=' '  >\n<div class=\"flex_cell no_margin av_one_half  avia-builder-el-1  el_before_av_cell_one_half  avia-builder-el-first   avia-full-stretch \"  style='height:500px; min-height:500px;vertical-align:middle; padding:80px; background-color:#22689e; ' ><div class='flex_cell_inner' ><p><div  style='padding-bottom:25px; color:#ffffff;font-size:34px;' class='av-special-heading av-special-heading-h3 custom-color-heading blockquote modern-quote  avia-builder-el-2  el_before_av_textblock  avia-builder-el-first  av-inherit-size '><h3 class='av-special-heading-tag '  itemprop=\"headline\"  >Sobre mim<\/h3><div class='special-heading-border'><div class='special-heading-inner-border' style='border-color:#ffffff'><\/div><\/div><\/div><br \/>\n<section class=\"av_textblock_section \"  itemscope=\"itemscope\" itemtype=\"https:\/\/schema.org\/CreativeWork\" ><div class='avia_textblock  av_inherit_color '  style='color:#ffffff; '  itemprop=\"text\" ><p>Sou Thiago Furtado, Cirurgi\u00e3o Geral e do Aparelho Digestivo formado em 2011 pela Universidade Federal de Minas Gerais \u2013 UFMG.<\/p>\n<p>Especialista em Cirurgia Minimamente Invasiva e Rob\u00f3tica, patologias do aparelho digestivo e h\u00e9rnias abdominais. Possuo Certificado em Cirurgia Rob\u00f3tica, sou mestre em Medicina \u2013 IEP \u2013<br \/>\nSanta Casa \u2013 BH, e professor da Faculdade de Medicina da FCMMG. Trabalho como cirurgi\u00e3o no Hospital Fel\u00edcio Rocho e no Hospital Universit\u00e1rio da FCMMG.<\/p>\n<p>Hoje, sou membro do Col\u00e9gio Brasileiro de Cirurgi\u00f5es, do Col\u00e9gio Brasileiro de Cirurgia Digestiva e da Sociedade Brasileira de<br \/>\nH\u00e9rnia e membro da Sociedade Brasileira de Cirurgia Minimamente Invasiva e Rob\u00f3tica.<\/p>\n<\/div><\/section><br \/>\n<div  class='avia-button-wrap avia-button-left  avia-builder-el-4  el_after_av_textblock  avia-builder-el-last ' ><a href='https:\/\/thiagofurtado.com.br\/index.php\/especialidades\/'  class='avia-button  avia-color-theme-color   avia-icon_select-yes-left-icon avia-size-large avia-position-left '   ><span class='avia_button_icon avia_button_icon_left ' aria-hidden='true' data-av_icon='\ue812' data-av_iconfont='entypo-fontello'><\/span><span class='avia_iconbox_title' >ESPECIALIDADES<\/span><\/a><\/div><\/p>\n<\/div><\/div><div class=\"flex_cell no_margin av_one_half  avia-builder-el-5  el_after_av_cell_one_half  avia-builder-el-last   avia-full-stretch \"  style='height:500px; min-height:500px;background:url(https:\/\/thiagofurtado.com.br\/wp-content\/uploads\/2022\/11\/IMG_7677-scaled.jpg) center center no-repeat scroll #22689e; vertical-align:middle; padding:80px; background-color:#22689e; ' ><div class='flex_cell_inner' ><\/div><\/div><\/div>\n","protected":false},"excerpt":{"rendered":"","protected":false},"author":1,"featured_media":0,"parent":0,"menu_order":0,"comment_status":"closed","ping_status":"closed","template":"","meta":{"footnotes":""},"class_list":["post-950","page","type-page","status-publish","hentry"],"_links":{"self":[{"href":"https:\/\/thiagofurtado.com.br\/index.php\/wp-json\/wp\/v2\/pages\/950","targetHints":{"allow":["GET"]}}],"collection":[{"href":"https:\/\/thiagofurtado.com.br\/index.php\/wp-json\/wp\/v2\/pages"}],"about":[{"href":"https:\/\/thiagofurtado.com.br\/index.php\/wp-json\/wp\/v2\/types\/page"}],"author":[{"embeddable":true,"href":"https:\/\/thiagofurtado.com.br\/index.php\/wp-json\/wp\/v2\/users\/1"}],"replies":[{"embeddable":true,"href":"https:\/\/thiagofurtado.com.br\/index.php\/wp-json\/wp\/v2\/comments?post=950"}],"version-history":[{"count":15,"href":"https:\/\/thiagofurtado.com.br\/index.php\/wp-json\/wp\/v2\/pages\/950\/revisions"}],"predecessor-version":[{"id":1386,"href":"https:\/\/thiagofurtado.com.br\/index.php\/wp-json\/wp\/v2\/pages\/950\/revisions\/1386"}],"wp:attachment":[{"href":"https:\/\/thiagofurtado.com.br\/index.php\/wp-json\/wp\/v2\/media?parent=950"}],"curies":[{"name":"wp","href":"https:\/\/api.w.org\/{rel}","templated":true}]}}